late the remainder when 11434 is divided by 667.
95
What is the remainder when 3006786 is divided by 68336?
2
What is the remainder when 506141 is divided by 168707?
20
Calculate the remainder when 2070932 is divided by 1864.
28
Calculate the remainder when 24592777 is divided by 6148185.
37
Calculate the remainder when 50162 is divided by 102.
80
Calculate the remainder when 629938 is divided by 6560.
178
What is the remainder when 116319 is divided by 14000?
4319
What is the remainder when 35828 is divided by 262?
196
Calculate the remainder when 177197 is divided by 3614.
111
What is the remainder when 24744506 is divided by 16607?
76
Calculate the remainder when 101582746 is divided by 369.
367
Calculate the remainder when 48851 is divided by 9766.
21
What is the remainder when 56140 is divided by 67?
61
Calculate the remainder when 40672644 is divided by 2988.
2976
Calculate the remainder when 598718 is divided by 312.
302
What is the remainder when 8088158 is divided by 967?
170
Calculate the remainder when 72824 is divided by 24254.
62
What is the remainder when 1072254 is divided by 21?
15
Calculate the remainder when 63488910 is divided by 21162950.
60
Calculate the remainder when 36725 is divided by 5232.
101
What is the remainder when 239532 is divided by 15?
12
Calculate the remainder when 182422 is divided by 8509.
3733
Calculate the remainder when 222267 is divided by 3605.
2362
Calculate the remainder when 209592 is divided by 19030.
262
Calculate the remainder when 42490 is divided by 1039.
930
Calculate the remainder when 9798361 is divided by 278.
251
Calculate the remainder when 17975976 is divided by 946.
84
Calculate the remainder when 17571 is divided by 944.
579
Calculate the remainder when 18555979 is divided by 2345.
2339
Calculate the remainder when 135194 is divided by 11263.
38
Calculate the remainder when 4412615 is divided by 52.
51
What is the remainder when 464390 is divided by 3643?
1729
What is the remainder when 601510 is divided by 174?
166
What is the remainder when 14585134 is divided by 66?
58
What is the remainder when 1235986 is divided by 510?
256
What is the remainder when 488686 is divided by 9227?
8882
What is the remainder when 162092757 is divided by 20?
17
Calculate the remainder when 45561 is divided by 150.
111
Calculate the remainder when 21124490 is divided by 22862.
2
What is the remainder when 93365 is divided by 46609?
147
What is the remainder when 32692 is divided by 1268?
992
Calculate the remainder when 36918721 is divided by 803.
796
Calculate the remainder when 2906270 is divided by 583.
15
What is the remainder when 1946163 is divided by 136?
3
Calculate the remainder when 16955897 is divided by 7983.
5
Calculate the remainder when 547519 is divided by 623.
525
What is the remainder when 4270355 is divided by 152512?
19
What is the remainder when 641011 is divided by 451?
140
Calculate the remainder when 39023861 is divided by 424172.
37
Calculate the remainder when 55443550 is divided by 504032.
30
What is the remainder when 1122406 is divided by 215?
106
What is the remainder when 4972059 is divided by 7?
1
Calculate the remainder when 461005 is divided by 57625.
5
Calculate the remainder when 672941 is divided by 226.
139
Calculate the remainder when 2305577 is divided by 3167.
1
What is the remainder when 289325567 is divided by 379?
378
Calculate the remainder when 7609336 is divided by 733.
63
Calculate the remainder when 14335 is divided by 2179.
1261
What is the remainder when 110647285 is divided by 8844?
1
What is the remainder when 2651777 is divided by 10?
7
What is the remainder when 1487125 is divided by 371077?
2817
Calculate the remainder when 69470 is divided by 247.
63
What is the remainder when 10883806 is divided by 6669?
6667
What is the remainder when 110527103 is divided by 3190?
3173
What is the remainder when 179688 is divided by 4852?
164
Calculate the remainder when 443575 is divided by 40323.
22
What is the remainder when 1466671468 is divided by 3531?
3529
What is the remainder when 2213314 is divided by 13751?
13154
What is the remainder when 192754 is divided by 7856?
4210
What is the remainder when 349666 is divided by 87389?
110
Calculate the remainder when 6947973 is divided by 113901.
12
Calculate the remainder when 9709295 is divided by 422143.
6
Calculate the remainder when 5116109 is divided by 89.
33
What is the remainder when 18952981 is divided by 2729?
76
What is the remainder when 294153 is divided by 6254?
215
Calculate the remainder when 164192 is divided by 1036.
504
What is the remainder when 20032023 is divided by 49?
39
What is the remainder when 11971288 is divided by 30539?
0
What is the remainder when 237793 is divided by 3169?
118
Calculate the remainder when 34890030 is divided by 1647.
1629
What is the remainder when 1313640 is divided by 1845?
0
Calculate the remainder when 21528 is divided by 21515.
13
What is the remainder when 96429470 is divided by 61?
60
What is the remainder when 143387917 is divided by 87?
85
What is the remainder when 1330430 is divided by 476?
10
What is the remainder when 80221 is divided by 33719?
12783
Calculate the remainder when 90961 is divided by 601.
210
What is the remainder when 1932584 is divided by 10011?
461
What is the remainder when 5422389 is divided by 7051?
170
Calculate the remainder when 22775190 is divided by 88.
86
What is the remainder when 2191530 is divided by 34?
26
Calculate the remainder when 1070313 is divided by 118858.
591
Calculate the remainder when 29613130 is divided by 1684.
1674
Calculate the remainder when 599806 is divided by 49976.
94
Calculate the remainder when 153689 is divided by 76761.
167
Calculate the remainder when 367081 is divided by 631.
470
Calculate the remainder when 1190911 is divided by 1841.
1625
Calculate the remainder when 3076259 is divided by 17.
7
Calculate the remainder when 10343057 is divided by 165.
32
What is the remainder when 12523910 is divided by 594?
14
What is the remainder when 709399 is divided by 12887?
614
Calculate the remainder when 15626968 is divided by 1203.
1201
What is the remainder when 27295088 is divided by 132?
128
What is the remainder when 9582947 is divided by 10162?
181
Calculate the remainder when 7966632 is divided by 995829.
0
Calculate the remainder when 157141489 is divided by 610.
609
What is the remainder when 17352620 is divided by 423233?
67
What is the remainder when 1136210 is divided by 22?
20
Calculate the remainder when 2300467 is divided by 36515.
22
What is the remainder when 101293894 is divided by 2730?
2704
What is the remainder when 865854 is divided by 773?
94
Calculate the remainder when 45960404 is divided by 1702237.
5
What is the remainder when 31579679 is divided by 973?
964
Calculate the remainder when 50535 is divided by 7018.
1409
What is the remainder when 13951928 is divided by 1007?
950
What is the remainder when 731416 is divided by 3099?
52
What is the remainder when 10079564 is divided by 3359850?
14
What is the remainder when 162785 is divided by 4350?
1835
Calculate the remainder when 5818631 is divided by 146.
93
Calculate the remainder when 175673697 is divided by 1103.
1093
Calculate the remainder when 327793242 is divided by 2483.
2480
What is the remainder when 52406763 is divided by 192?
171
Calculate the remainder when 40760 is divided by 432.
152
What is the remainder when 7482585 is divided by 21440?
25
Calculate the remainder when 198301485 is divided by 48.
45
What is the remainder when 2998049 is divided by 2549?
425
What is the remainder when 243194 is divided by 1191?
230
What is the remainder when 46980 is divided by 1929?
684
Calculate the remainder when 4463141 is divided by 3599.
381
Calculate the remainder when 787904 is divided by 27161.
235
Calculate the remainder when 853250 is divided by 3455.
3320
What is the remainder when 28150104 is divided by 28150104?
0
Calculate the remainder when 1339399 is divided by 803.
798
Calculate the remainder when 4335998 is divided by 10.
8
Calculate the remainder when 934469 is divided by 1317.
716
Calculate the remainder when 3837497 is divided by 383746.
37
Calculate the remainder when 103511 is divided by 1953.